{"id":46,"date":"2018-05-16T12:05:19","date_gmt":"2018-05-16T10:05:19","guid":{"rendered":"http:\/\/gs-isernhinnerk.de\/?page_id=46"},"modified":"2020-02-14T08:59:06","modified_gmt":"2020-02-14T07:59:06","slug":"buecherei","status":"publish","type":"page","link":"https:\/\/gs-isernhinnerk.de\/?page_id=46","title":{"rendered":"B\u00fccherei"},"content":{"rendered":"<p><span style=\"font-size: 14px;\"><span style=\"color: #ff0000;\"><span style=\"color: #ff0000;\">Stand: Februar 2020<br \/>\n<\/span><img loading=\"lazy\" decoding=\"async\" class=\"alignnone wp-image-749\" src=\"https:\/\/gs-isernhinnerk.de\/wp-content\/uploads\/2020\/02\/IMG_20200212_084714-768x1024.jpg\" alt=\"\" width=\"256\" height=\"342\" srcset=\"https:\/\/gs-isernhinnerk.de\/wp-content\/uploads\/2020\/02\/IMG_20200212_084714-768x1024.jpg 768w, https:\/\/gs-isernhinnerk.de\/wp-content\/uploads\/2020\/02\/IMG_20200212_084714-225x300.jpg 225w, https:\/\/gs-isernhinnerk.de\/wp-content\/uploads\/2020\/02\/IMG_20200212_084714-1152x1536.jpg 1152w, https:\/\/gs-isernhinnerk.de\/wp-content\/uploads\/2020\/02\/IMG_20200212_084714-1536x2048.jpg 1536w, https:\/\/gs-isernhinnerk.de\/wp-content\/uploads\/2020\/02\/IMG_20200212_084714-113x150.jpg 113w, https:\/\/gs-isernhinnerk.de\/wp-content\/uploads\/2020\/02\/IMG_20200212_084714-scaled.jpg 1920w\" sizes=\"auto, (max-width: 256px) 100vw, 256px\" \/><\/span><\/span><\/p>\n<p>Jetzt ist es soweit: unsere B\u00fccherei hat sich erneuert. Frau Rogge hat nicht nur B\u00fccher neu<br \/>\nangeschafft, sondern wir haben auch neue M\u00f6bel erhalten: u.a. ein hochwertiges neues<br \/>\nSofa. Die B\u00fccherei wird nicht nur zum Ausleihen in den Pausen genutzt, sondern auch<br \/>\nw\u00e4hrend der Unterrichtszeiten zur Recherche.<\/p>\n<p><img loading=\"lazy\" decoding=\"async\" class=\"alignnone wp-image-746\" src=\"https:\/\/gs-isernhinnerk.de\/wp-content\/uploads\/2020\/02\/IMG_20200127_105443-1024x768.jpg\" alt=\"\" width=\"472\" height=\"354\" srcset=\"https:\/\/gs-isernhinnerk.de\/wp-content\/uploads\/2020\/02\/IMG_20200127_105443-1024x768.jpg 1024w, https:\/\/gs-isernhinnerk.de\/wp-content\/uploads\/2020\/02\/IMG_20200127_105443-300x225.jpg 300w, https:\/\/gs-isernhinnerk.de\/wp-content\/uploads\/2020\/02\/IMG_20200127_105443-768x576.jpg 768w, https:\/\/gs-isernhinnerk.de\/wp-content\/uploads\/2020\/02\/IMG_20200127_105443-1536x1152.jpg 1536w, https:\/\/gs-isernhinnerk.de\/wp-content\/uploads\/2020\/02\/IMG_20200127_105443-2048x1536.jpg 2048w, https:\/\/gs-isernhinnerk.de\/wp-content\/uploads\/2020\/02\/IMG_20200127_105443-200x150.jpg 200w, https:\/\/gs-isernhinnerk.de\/wp-content\/uploads\/2020\/02\/IMG_20200127_105443-150x113.jpg 150w\" sizes=\"auto, (max-width: 472px) 100vw, 472px\" \/><\/p>\n<p><span style=\"font-size: 14px; font-family: tahoma, arial, helvetica, sans-serif;\">Unsere Sch\u00fclerb\u00fccherei befindet sich z. Zt. in einem gro\u00dfen, zentral gelegenen Raum im Erdgeschoss der Schule.<\/span><\/p>\n<p><span style=\"font-size: 14px; font-family: tahoma, arial, helvetica, sans-serif;\">Au\u00dferdem ist ein Arbeitsplatz mit Theke f\u00fcr die B\u00fcchereiverwaltung vorhanden.<\/span><\/p>\n<p><span style=\"font-size: 14px; font-family: tahoma, arial, helvetica, sans-serif;\">Der B\u00fccherbestand umfasst ca. 2000 Exemplare. J\u00e4hrlich wird unsere B\u00fccherei finanziell vom F\u00f6rderverein unterst\u00fctzt, so dass immer wieder neue und aktuelle B\u00fccher angeschafft werden k\u00f6nnen. Die W\u00fcnsche der Sch\u00fcler\/innen werden bei der Auswahl der B\u00fccher gerne ber\u00fccksichtigt Frau Rogge, Bibliothekarin der Stadtbibliothek und ehemalige Mutter eines Sch\u00fclers unserer Schule, t\u00e4tigt gezielte Anschaffungen.<\/span><\/p>\n<p><span style=\"font-size: 14px; font-family: tahoma, arial, helvetica, sans-serif;\">Ein gro\u00dfer Teil der vorhandenen B\u00fccher ist im Internet bei \u201eantolin.de\u201c registriert. Zu diesen B\u00fcchern k\u00f6nnen die Schulkinder nach dem Lesen Fragen im Internet beantworten und so \u00fcberpr\u00fcfen, ob sie den Inhalt des Buches angemessen erfasst haben. Eine w\u00f6chentliche Lesestunde (Antolinstunde) geh\u00f6rt in diesem Schuljahr zum Stundenplan aller 3. und 4. Klassen.<\/span><\/p>\n<p><span style=\"font-size: 14px; font-family: tahoma, arial, helvetica, sans-serif;\">Unsere B\u00fccherei ist<u> jeden Dienstag und Donnerstag w\u00e4hrend der gro\u00dfen Pausen ge\u00f6ffnet. <\/u>Die erste Pause ist f\u00fcr die Kinder der Klassen 1 und 2, die zweite f\u00fcr die Kinder der 3. und 4. Klassen gedacht.<\/span><\/p>\n<p><span style=\"font-size: 14px; font-family: tahoma, arial, helvetica, sans-serif;\">Jedes Kind darf B\u00fccher f\u00fcr zwei Wochen ausleihen. Die Ausleihfrist kann verl\u00e4ngert werden.<\/span><\/p>\n<table style=\"border-collapse: collapse; width: 100%;\" border=\"1\">\n<tbody>\n<tr>\n<td style=\"width: 35%;\"><span style=\"font-family: tahoma, arial, helvetica, sans-serif;\"><img loading=\"lazy\" decoding=\"async\" class=\"alignnone size-full wp-image-280\" src=\"http:\/\/gs-isernhinnerk.de\/wp-content\/uploads\/2018\/08\/buecherei-braun-250.jpg\" alt=\"\" width=\"250\" height=\"333\" srcset=\"https:\/\/gs-isernhinnerk.de\/wp-content\/uploads\/2018\/08\/buecherei-braun-250.jpg 250w, https:\/\/gs-isernhinnerk.de\/wp-content\/uploads\/2018\/08\/buecherei-braun-250-225x300.jpg 225w, https:\/\/gs-isernhinnerk.de\/wp-content\/uploads\/2018\/08\/buecherei-braun-250-113x150.jpg 113w\" sizes=\"auto, (max-width: 250px) 100vw, 250px\" \/><\/span><\/td>\n<td style=\"width: 65%;\"><span style=\"font-family: tahoma, arial, helvetica, sans-serif;\">Mit viel Engagement und Freude erf\u00fcllen <u>unsere 4. Klassen mit Unterst\u00fctzung der flei\u00dfigen B\u00fcchereim\u00fctter<\/u> ihre Aufgaben. Die <u>Lehrkraft Frau Braun<\/u> organisiert dies. Ebenfalls ist sie die feste Ansprechpartnerin<u> in allen Fragen der Bibliothek und der Lesewettbewerbe und organisiert Autorenlesungen<\/u>. Diese finden in der B\u00fccherei statt. Au\u00dferdem wird der Raum als Betreuungsraum genutzt.<\/span><\/p>\n<p><span style=\"font-family: tahoma, arial, helvetica, sans-serif;\">Bei Fragen, Tipps und Anregungen wenden Sie sich gerne an uns.<\/span><\/td>\n<\/tr>\n<\/tbody>\n<\/table>\n","protected":false},"excerpt":{"rendered":"<p>Stand: Februar 2020 Jetzt ist es soweit: unsere B\u00fccherei hat sich erneuert. Frau Rogge hat nicht nur B\u00fccher neu angeschafft, sondern wir haben auch neue M\u00f6bel erhalten: u.a. ein hochwertiges neues Sofa. Die B\u00fccherei wird nicht nur zum Ausleihen in den Pausen genutzt, sondern auch w\u00e4hrend der Unterrichtszeiten zur Recherche.\u2026<\/p>\n<p class=\"continue-reading-button\"> <a class=\"continue-reading-link\" href=\"https:\/\/gs-isernhinnerk.de\/?page_id=46\">Continue reading<i class=\"crycon-right-dir\"><\/i><\/a><\/p>\n","protected":false},"author":1,"featured_media":0,"parent":0,"menu_order":0,"comment_status":"closed","ping_status":"closed","template":"","meta":{"footnotes":""},"class_list":["post-46","page","type-page","status-publish","hentry"],"yoast_head":"<!-- This site is optimized with the Yoast SEO plugin v27.3 - https:\/\/yoast.com\/product\/yoast-seo-wordpress\/ -->\n<title>B\u00fccherei - GRUNDSCHULE ISERN HINNERK<\/title>\n<meta name=\"robots\" content=\"index, follow, max-snippet:-1, max-image-preview:large, max-video-preview:-1\" \/>\n<link rel=\"canonical\" href=\"https:\/\/gs-isernhinnerk.de\/?page_id=46\" \/>\n<meta property=\"og:locale\" content=\"de_DE\" \/>\n<meta property=\"og:type\" content=\"article\" \/>\n<meta property=\"og:title\" content=\"B\u00fccherei - GRUNDSCHULE ISERN HINNERK\" \/>\n<meta property=\"og:description\" content=\"Stand: Februar 2020 Jetzt ist es soweit: unsere B\u00fccherei hat sich erneuert. Frau Rogge hat nicht nur B\u00fccher neu angeschafft, sondern wir haben auch neue M\u00f6bel erhalten: u.a. ein hochwertiges neues Sofa. Die B\u00fccherei wird nicht nur zum Ausleihen in den Pausen genutzt, sondern auch w\u00e4hrend der Unterrichtszeiten zur Recherche.\u2026 Continue reading\" \/>\n<meta property=\"og:url\" content=\"https:\/\/gs-isernhinnerk.de\/?page_id=46\" \/>\n<meta property=\"og:site_name\" content=\"GRUNDSCHULE ISERN HINNERK\" \/>\n<meta property=\"article:modified_time\" content=\"2020-02-14T07:59:06+00:00\" \/>\n<meta property=\"og:image\" content=\"https:\/\/gs-isernhinnerk.de\/wp-content\/uploads\/2020\/02\/IMG_20200212_084714-768x1024.jpg\" \/>\n<meta name=\"twitter:card\" content=\"summary_large_image\" \/>\n<meta name=\"twitter:label1\" content=\"Gesch\u00e4tzte Lesezeit\" \/>\n\t<meta name=\"twitter:data1\" content=\"2\u00a0Minuten\" \/>\n<script type=\"application\/ld+json\" class=\"yoast-schema-graph\">{\"@context\":\"https:\\\/\\\/schema.org\",\"@graph\":[{\"@type\":\"WebPage\",\"@id\":\"https:\\\/\\\/gs-isernhinnerk.de\\\/?page_id=46\",\"url\":\"https:\\\/\\\/gs-isernhinnerk.de\\\/?page_id=46\",\"name\":\"B\u00fccherei - GRUNDSCHULE ISERN HINNERK\",\"isPartOf\":{\"@id\":\"https:\\\/\\\/gs-isernhinnerk.de\\\/#website\"},\"primaryImageOfPage\":{\"@id\":\"https:\\\/\\\/gs-isernhinnerk.de\\\/?page_id=46#primaryimage\"},\"image\":{\"@id\":\"https:\\\/\\\/gs-isernhinnerk.de\\\/?page_id=46#primaryimage\"},\"thumbnailUrl\":\"https:\\\/\\\/gs-isernhinnerk.de\\\/wp-content\\\/uploads\\\/2020\\\/02\\\/IMG_20200212_084714-768x1024.jpg\",\"datePublished\":\"2018-05-16T10:05:19+00:00\",\"dateModified\":\"2020-02-14T07:59:06+00:00\",\"breadcrumb\":{\"@id\":\"https:\\\/\\\/gs-isernhinnerk.de\\\/?page_id=46#breadcrumb\"},\"inLanguage\":\"de\",\"potentialAction\":[{\"@type\":\"ReadAction\",\"target\":[\"https:\\\/\\\/gs-isernhinnerk.de\\\/?page_id=46\"]}]},{\"@type\":\"ImageObject\",\"inLanguage\":\"de\",\"@id\":\"https:\\\/\\\/gs-isernhinnerk.de\\\/?page_id=46#primaryimage\",\"url\":\"https:\\\/\\\/gs-isernhinnerk.de\\\/wp-content\\\/uploads\\\/2020\\\/02\\\/IMG_20200212_084714-scaled.jpg\",\"contentUrl\":\"https:\\\/\\\/gs-isernhinnerk.de\\\/wp-content\\\/uploads\\\/2020\\\/02\\\/IMG_20200212_084714-scaled.jpg\",\"width\":1920,\"height\":2560},{\"@type\":\"BreadcrumbList\",\"@id\":\"https:\\\/\\\/gs-isernhinnerk.de\\\/?page_id=46#breadcrumb\",\"itemListElement\":[{\"@type\":\"ListItem\",\"position\":1,\"name\":\"Startseite\",\"item\":\"https:\\\/\\\/gs-isernhinnerk.de\\\/\"},{\"@type\":\"ListItem\",\"position\":2,\"name\":\"B\u00fccherei\"}]},{\"@type\":\"WebSite\",\"@id\":\"https:\\\/\\\/gs-isernhinnerk.de\\\/#website\",\"url\":\"https:\\\/\\\/gs-isernhinnerk.de\\\/\",\"name\":\"GRUNDSCHULE ISERN HINNERK\",\"description\":\"Schulstra\u00dfe 11, 21641 Apensen\",\"potentialAction\":[{\"@type\":\"SearchAction\",\"target\":{\"@type\":\"EntryPoint\",\"urlTemplate\":\"https:\\\/\\\/gs-isernhinnerk.de\\\/?s={search_term_string}\"},\"query-input\":{\"@type\":\"PropertyValueSpecification\",\"valueRequired\":true,\"valueName\":\"search_term_string\"}}],\"inLanguage\":\"de\"}]}<\/script>\n<!-- \/ Yoast SEO plugin. -->","yoast_head_json":{"title":"B\u00fccherei - GRUNDSCHULE ISERN HINNERK","robots":{"index":"index","follow":"follow","max-snippet":"max-snippet:-1","max-image-preview":"max-image-preview:large","max-video-preview":"max-video-preview:-1"},"canonical":"https:\/\/gs-isernhinnerk.de\/?page_id=46","og_locale":"de_DE","og_type":"article","og_title":"B\u00fccherei - GRUNDSCHULE ISERN HINNERK","og_description":"Stand: Februar 2020 Jetzt ist es soweit: unsere B\u00fccherei hat sich erneuert. Frau Rogge hat nicht nur B\u00fccher neu angeschafft, sondern wir haben auch neue M\u00f6bel erhalten: u.a. ein hochwertiges neues Sofa. Die B\u00fccherei wird nicht nur zum Ausleihen in den Pausen genutzt, sondern auch w\u00e4hrend der Unterrichtszeiten zur Recherche.\u2026 Continue reading","og_url":"https:\/\/gs-isernhinnerk.de\/?page_id=46","og_site_name":"GRUNDSCHULE ISERN HINNERK","article_modified_time":"2020-02-14T07:59:06+00:00","og_image":[{"url":"https:\/\/gs-isernhinnerk.de\/wp-content\/uploads\/2020\/02\/IMG_20200212_084714-768x1024.jpg","type":"","width":"","height":""}],"twitter_card":"summary_large_image","twitter_misc":{"Gesch\u00e4tzte Lesezeit":"2\u00a0Minuten"},"schema":{"@context":"https:\/\/schema.org","@graph":[{"@type":"WebPage","@id":"https:\/\/gs-isernhinnerk.de\/?page_id=46","url":"https:\/\/gs-isernhinnerk.de\/?page_id=46","name":"B\u00fccherei - GRUNDSCHULE ISERN HINNERK","isPartOf":{"@id":"https:\/\/gs-isernhinnerk.de\/#website"},"primaryImageOfPage":{"@id":"https:\/\/gs-isernhinnerk.de\/?page_id=46#primaryimage"},"image":{"@id":"https:\/\/gs-isernhinnerk.de\/?page_id=46#primaryimage"},"thumbnailUrl":"https:\/\/gs-isernhinnerk.de\/wp-content\/uploads\/2020\/02\/IMG_20200212_084714-768x1024.jpg","datePublished":"2018-05-16T10:05:19+00:00","dateModified":"2020-02-14T07:59:06+00:00","breadcrumb":{"@id":"https:\/\/gs-isernhinnerk.de\/?page_id=46#breadcrumb"},"inLanguage":"de","potentialAction":[{"@type":"ReadAction","target":["https:\/\/gs-isernhinnerk.de\/?page_id=46"]}]},{"@type":"ImageObject","inLanguage":"de","@id":"https:\/\/gs-isernhinnerk.de\/?page_id=46#primaryimage","url":"https:\/\/gs-isernhinnerk.de\/wp-content\/uploads\/2020\/02\/IMG_20200212_084714-scaled.jpg","contentUrl":"https:\/\/gs-isernhinnerk.de\/wp-content\/uploads\/2020\/02\/IMG_20200212_084714-scaled.jpg","width":1920,"height":2560},{"@type":"BreadcrumbList","@id":"https:\/\/gs-isernhinnerk.de\/?page_id=46#breadcrumb","itemListElement":[{"@type":"ListItem","position":1,"name":"Startseite","item":"https:\/\/gs-isernhinnerk.de\/"},{"@type":"ListItem","position":2,"name":"B\u00fccherei"}]},{"@type":"WebSite","@id":"https:\/\/gs-isernhinnerk.de\/#website","url":"https:\/\/gs-isernhinnerk.de\/","name":"GRUNDSCHULE ISERN HINNERK","description":"Schulstra\u00dfe 11, 21641 Apensen","potentialAction":[{"@type":"SearchAction","target":{"@type":"EntryPoint","urlTemplate":"https:\/\/gs-isernhinnerk.de\/?s={search_term_string}"},"query-input":{"@type":"PropertyValueSpecification","valueRequired":true,"valueName":"search_term_string"}}],"inLanguage":"de"}]}},"_links":{"self":[{"href":"https:\/\/gs-isernhinnerk.de\/index.php?rest_route=\/wp\/v2\/pages\/46","targetHints":{"allow":["GET"]}}],"collection":[{"href":"https:\/\/gs-isernhinnerk.de\/index.php?rest_route=\/wp\/v2\/pages"}],"about":[{"href":"https:\/\/gs-isernhinnerk.de\/index.php?rest_route=\/wp\/v2\/types\/page"}],"author":[{"embeddable":true,"href":"https:\/\/gs-isernhinnerk.de\/index.php?rest_route=\/wp\/v2\/users\/1"}],"replies":[{"embeddable":true,"href":"https:\/\/gs-isernhinnerk.de\/index.php?rest_route=%2Fwp%2Fv2%2Fcomments&post=46"}],"version-history":[{"count":12,"href":"https:\/\/gs-isernhinnerk.de\/index.php?rest_route=\/wp\/v2\/pages\/46\/revisions"}],"predecessor-version":[{"id":750,"href":"https:\/\/gs-isernhinnerk.de\/index.php?rest_route=\/wp\/v2\/pages\/46\/revisions\/750"}],"wp:attachment":[{"href":"https:\/\/gs-isernhinnerk.de\/index.php?rest_route=%2Fwp%2Fv2%2Fmedia&parent=46"}],"curies":[{"name":"wp","href":"https:\/\/api.w.org\/{rel}","templated":true}]}}