{"id":36,"date":"2018-05-16T12:03:44","date_gmt":"2018-05-16T10:03:44","guid":{"rendered":"http:\/\/gs-isernhinnerk.de\/?page_id=36"},"modified":"2020-02-14T09:07:23","modified_gmt":"2020-02-14T08:07:23","slug":"bildergalerie","status":"publish","type":"page","link":"https:\/\/gs-isernhinnerk.de\/?page_id=36","title":{"rendered":"Bildergalerie"},"content":{"rendered":"<p><strong><span style=\"font-family: georgia, palatino, serif;\">Stand: Februar 2020<\/span><\/strong><\/p>\n<p><span style=\"font-size: 12pt;\"><strong><span style=\"font-family: georgia, palatino, serif;\">12. Februar 2020 &#8211; V\u00f6lkerballturnier der 3. und 4. Klassen\u00a0<\/span><\/strong><\/span><br \/>\nEs war wieder so weit: unsere 3. und 4. Klassen durften ihre Sportlichkeit bei einem V\u00f6lkerballturnier unter Beweis stellen. Herr Marx hat dieses perfekt organisiert &#8211; alle Lehrkr\u00e4fte waren ebenso perfekt vorbereitet. Absolute Fairness, Freude am Spielen und der Einsatz aller Kinder trug zu einem sehr gelungenen Vormittag an der Oberschule Apensen in der gro\u00dfen 3er-Sporthalle unter dem Beifall vieler Eltern der Grundsch\u00fcler bei.<\/p>\n<p><img loading=\"lazy\" decoding=\"async\" class=\"alignnone wp-image-753\" src=\"https:\/\/gs-isernhinnerk.de\/wp-content\/uploads\/2020\/02\/P1000072-1024x683.jpg\" alt=\"\" width=\"392\" height=\"261\" srcset=\"https:\/\/gs-isernhinnerk.de\/wp-content\/uploads\/2020\/02\/P1000072-1024x683.jpg 1024w, https:\/\/gs-isernhinnerk.de\/wp-content\/uploads\/2020\/02\/P1000072-300x200.jpg 300w, https:\/\/gs-isernhinnerk.de\/wp-content\/uploads\/2020\/02\/P1000072-768x512.jpg 768w, https:\/\/gs-isernhinnerk.de\/wp-content\/uploads\/2020\/02\/P1000072-1536x1025.jpg 1536w, https:\/\/gs-isernhinnerk.de\/wp-content\/uploads\/2020\/02\/P1000072-2048x1367.jpg 2048w, https:\/\/gs-isernhinnerk.de\/wp-content\/uploads\/2020\/02\/P1000072-225x150.jpg 225w, https:\/\/gs-isernhinnerk.de\/wp-content\/uploads\/2020\/02\/P1000072-150x100.jpg 150w\" sizes=\"auto, (max-width: 392px) 100vw, 392px\" \/> <img loading=\"lazy\" decoding=\"async\" class=\"alignnone wp-image-754\" src=\"https:\/\/gs-isernhinnerk.de\/wp-content\/uploads\/2020\/02\/P1000034-1024x683.jpg\" alt=\"\" width=\"393\" height=\"262\" srcset=\"https:\/\/gs-isernhinnerk.de\/wp-content\/uploads\/2020\/02\/P1000034-1024x683.jpg 1024w, https:\/\/gs-isernhinnerk.de\/wp-content\/uploads\/2020\/02\/P1000034-300x200.jpg 300w, https:\/\/gs-isernhinnerk.de\/wp-content\/uploads\/2020\/02\/P1000034-768x512.jpg 768w, https:\/\/gs-isernhinnerk.de\/wp-content\/uploads\/2020\/02\/P1000034-1536x1025.jpg 1536w, https:\/\/gs-isernhinnerk.de\/wp-content\/uploads\/2020\/02\/P1000034-2048x1367.jpg 2048w, https:\/\/gs-isernhinnerk.de\/wp-content\/uploads\/2020\/02\/P1000034-225x150.jpg 225w, https:\/\/gs-isernhinnerk.de\/wp-content\/uploads\/2020\/02\/P1000034-150x100.jpg 150w\" sizes=\"auto, (max-width: 393px) 100vw, 393px\" \/><\/p>\n<p><strong><span style=\"font-family: georgia, palatino, serif; font-size: 12pt;\">05. bis 09.11.2018 Projektwoche Experimentieren &#8222;Feuer, Wasser, Luft&#8220;<\/span><\/strong><\/p>\n<p>Experimentieren mit allen Sinnen&#8230; eine sehr arbeitsreiche und wissensdurstige Projektwoche liegt hinter uns. Alle Kinder erfuhren durch viele Versuche zu den 3 Elementen viel Neues und das praktische Handeln, Mutma\u00dfen und Erkenntnisse ziehen stand im Vordergrund. Den feurigen Abschluss bescherte uns die Feuerwehr mit dem L\u00f6schen eines Fettbrandes.<\/p>\n<p><img loading=\"lazy\" decoding=\"async\" class=\"alignnone wp-image-471\" src=\"https:\/\/gs-isernhinnerk.de\/wp-content\/uploads\/2018\/11\/wasser.jpg\" alt=\"\" width=\"462\" height=\"346\" srcset=\"https:\/\/gs-isernhinnerk.de\/wp-content\/uploads\/2018\/11\/wasser.jpg 840w, https:\/\/gs-isernhinnerk.de\/wp-content\/uploads\/2018\/11\/wasser-300x225.jpg 300w, https:\/\/gs-isernhinnerk.de\/wp-content\/uploads\/2018\/11\/wasser-768x576.jpg 768w, https:\/\/gs-isernhinnerk.de\/wp-content\/uploads\/2018\/11\/wasser-200x150.jpg 200w, https:\/\/gs-isernhinnerk.de\/wp-content\/uploads\/2018\/11\/wasser-150x113.jpg 150w\" sizes=\"auto, (max-width: 462px) 100vw, 462px\" \/><\/p>\n<p><img loading=\"lazy\" decoding=\"async\" class=\"alignnone  wp-image-473\" src=\"https:\/\/gs-isernhinnerk.de\/wp-content\/uploads\/2018\/11\/projekt-wasser-768x1024.jpg\" alt=\"\" width=\"465\" height=\"620\" srcset=\"https:\/\/gs-isernhinnerk.de\/wp-content\/uploads\/2018\/11\/projekt-wasser-768x1024.jpg 768w, https:\/\/gs-isernhinnerk.de\/wp-content\/uploads\/2018\/11\/projekt-wasser-225x300.jpg 225w, https:\/\/gs-isernhinnerk.de\/wp-content\/uploads\/2018\/11\/projekt-wasser-113x150.jpg 113w, https:\/\/gs-isernhinnerk.de\/wp-content\/uploads\/2018\/11\/projekt-wasser.jpg 840w\" sizes=\"auto, (max-width: 465px) 100vw, 465px\" \/><\/p>\n<p><img loading=\"lazy\" decoding=\"async\" class=\"alignnone  wp-image-474\" src=\"https:\/\/gs-isernhinnerk.de\/wp-content\/uploads\/2018\/11\/homepage-Feuer.jpg\" alt=\"\" width=\"466\" height=\"349\" srcset=\"https:\/\/gs-isernhinnerk.de\/wp-content\/uploads\/2018\/11\/homepage-Feuer.jpg 840w, https:\/\/gs-isernhinnerk.de\/wp-content\/uploads\/2018\/11\/homepage-Feuer-300x225.jpg 300w, https:\/\/gs-isernhinnerk.de\/wp-content\/uploads\/2018\/11\/homepage-Feuer-768x576.jpg 768w, https:\/\/gs-isernhinnerk.de\/wp-content\/uploads\/2018\/11\/homepage-Feuer-200x150.jpg 200w, https:\/\/gs-isernhinnerk.de\/wp-content\/uploads\/2018\/11\/homepage-Feuer-150x113.jpg 150w\" sizes=\"auto, (max-width: 466px) 100vw, 466px\" \/><\/p>\n<hr \/>\n<p><strong>09.06.2018 Gemeinsamer Schullauf<\/strong><\/p>\n<p>Am Samstag, 9.6.18 starteten 102 Sch\u00fclerinnen trotz sehr hei\u00dfer Temperaturen um 14.30h in Harsefeld mit einem gemeinsamen Schullauf von 2.5 km. Die Kinder waren guter Stimmung und alle Kinder kamen gesund und gl\u00fccklich ins Ziel. Lasse Baldamus aus der 4d lief als erster unserer Schule ins Ziel ein.<\/p>\n<p><u>Ein dickes Dankesch\u00f6n an Herrn Holz und die Lehrkr\u00e4fte Frau Ross-Gr\u00fcndahl und Frau Fritz,<\/u> die die aufw\u00e4ndige Organisation, das Melden, Nummern und T-shirts verteilen und Listen anlegen.<\/p>\n<p><img loading=\"lazy\" decoding=\"async\" class=\"alignnone size-full wp-image-326\" src=\"http:\/\/gs-isernhinnerk.de\/wp-content\/uploads\/2018\/08\/DSC07563-600.jpg\" alt=\"\" width=\"800\" height=\"450\" srcset=\"https:\/\/gs-isernhinnerk.de\/wp-content\/uploads\/2018\/08\/DSC07563-600.jpg 800w, https:\/\/gs-isernhinnerk.de\/wp-content\/uploads\/2018\/08\/DSC07563-600-300x169.jpg 300w, https:\/\/gs-isernhinnerk.de\/wp-content\/uploads\/2018\/08\/DSC07563-600-768x432.jpg 768w, https:\/\/gs-isernhinnerk.de\/wp-content\/uploads\/2018\/08\/DSC07563-600-250x141.jpg 250w, https:\/\/gs-isernhinnerk.de\/wp-content\/uploads\/2018\/08\/DSC07563-600-150x84.jpg 150w\" sizes=\"auto, (max-width: 800px) 100vw, 800px\" \/><\/p>\n<hr \/>\n<p><strong>16.11.2017 Weihnachtsgeschenke f\u00fcr rum\u00e4nische Kinder<\/strong><\/p>\n<p>Am Donnerstag, 16.11. war es so weit: mit viel Liebe und gro\u00dfem Herzen haben viele\u00a0Kinder und Eltern unserer Grundschule wieder zahlreiche P\u00e4ckchen auf die Reise gebracht. Um 10h stand der LKW vor dem Haupteingang und die Kinder konnten ihre Pakete selber an den Fahrer \u00fcbergeben. Schon seit etlichen Jahren unterst\u00fctzt unsere Schule diese Aktion des Roundtable. Jetzt werden die Geschenke gesammelt und dann werden mehrere LKW sich auf die Reise u.a. nach Rum\u00e4nien machen. Herzlichen Dank, dass so viele von Ihnen dies wieder m\u00f6glich gemacht haben!<\/p>\n<p><img loading=\"lazy\" decoding=\"async\" class=\"alignnone size-full wp-image-332\" src=\"http:\/\/gs-isernhinnerk.de\/wp-content\/uploads\/2018\/08\/DSC06186-800-1.jpg\" alt=\"\" width=\"800\" height=\"450\" srcset=\"https:\/\/gs-isernhinnerk.de\/wp-content\/uploads\/2018\/08\/DSC06186-800-1.jpg 800w, https:\/\/gs-isernhinnerk.de\/wp-content\/uploads\/2018\/08\/DSC06186-800-1-300x169.jpg 300w, https:\/\/gs-isernhinnerk.de\/wp-content\/uploads\/2018\/08\/DSC06186-800-1-768x432.jpg 768w, https:\/\/gs-isernhinnerk.de\/wp-content\/uploads\/2018\/08\/DSC06186-800-1-250x141.jpg 250w, https:\/\/gs-isernhinnerk.de\/wp-content\/uploads\/2018\/08\/DSC06186-800-1-150x84.jpg 150w\" sizes=\"auto, (max-width: 800px) 100vw, 800px\" \/><\/p>\n<p><img loading=\"lazy\" decoding=\"async\" class=\"alignnone size-full wp-image-330\" src=\"http:\/\/gs-isernhinnerk.de\/wp-content\/uploads\/2018\/08\/DSC06171-800.jpg\" alt=\"\" width=\"800\" height=\"450\" srcset=\"https:\/\/gs-isernhinnerk.de\/wp-content\/uploads\/2018\/08\/DSC06171-800.jpg 800w, https:\/\/gs-isernhinnerk.de\/wp-content\/uploads\/2018\/08\/DSC06171-800-300x169.jpg 300w, https:\/\/gs-isernhinnerk.de\/wp-content\/uploads\/2018\/08\/DSC06171-800-768x432.jpg 768w, https:\/\/gs-isernhinnerk.de\/wp-content\/uploads\/2018\/08\/DSC06171-800-250x141.jpg 250w, https:\/\/gs-isernhinnerk.de\/wp-content\/uploads\/2018\/08\/DSC06171-800-150x84.jpg 150w\" sizes=\"auto, (max-width: 800px) 100vw, 800px\" \/><\/p>\n<hr \/>\n<p><strong>Schatzkiste vor der B\u00fchne &#8211; Spende des\u00a0 Rotary Clubs<\/strong><\/p>\n<p>Was mag wohl in der Schatzkiste vor der B\u00fchne sein? Die Erwartung stieg: Auch in diesem Jahr hat Herr Beyer vom Rotary Club wieder an unsere Schule gedacht: alle 315 Kinder bekamen ein Buch geschenkt. Diese Aktion soll nat\u00fcrlich die Lesefreude aller unterst\u00fctzen und f\u00f6rdern. Die Kosten f\u00fcr die B\u00fccher belaufen sich auf \u00fcber 2.000 \u20ac, die unseren (Ihren) Kindern zu gute kommen. Herzlichen Dank an die gro\u00dfz\u00fcgigen Spenden!<\/p>\n<p><img loading=\"lazy\" decoding=\"async\" class=\"alignnone size-full wp-image-335\" src=\"http:\/\/gs-isernhinnerk.de\/wp-content\/uploads\/2018\/08\/DSC06142-800.jpg\" alt=\"\" width=\"800\" height=\"450\" srcset=\"https:\/\/gs-isernhinnerk.de\/wp-content\/uploads\/2018\/08\/DSC06142-800.jpg 800w, https:\/\/gs-isernhinnerk.de\/wp-content\/uploads\/2018\/08\/DSC06142-800-300x169.jpg 300w, https:\/\/gs-isernhinnerk.de\/wp-content\/uploads\/2018\/08\/DSC06142-800-768x432.jpg 768w, https:\/\/gs-isernhinnerk.de\/wp-content\/uploads\/2018\/08\/DSC06142-800-250x141.jpg 250w, https:\/\/gs-isernhinnerk.de\/wp-content\/uploads\/2018\/08\/DSC06142-800-150x84.jpg 150w\" sizes=\"auto, (max-width: 800px) 100vw, 800px\" \/><\/p>\n<hr \/>\n<p><strong>August 2017 Weltpianist Haiou Zhang in Buxtehude<\/strong><\/p>\n<p>Gleich in der ersten Schulwoche konnten die 3. Klassen sowie die 4b und 4d den Weltpianisten Haiou Zhang und andere Musiker in Buxtehude erleben. Die Veranstaltungskosten \u00fcbernahm mit Bahnfahrt unsere Schule und die Kinder waren begeistert.<\/p>\n<p><img loading=\"lazy\" decoding=\"async\" class=\"alignnone size-full wp-image-337\" src=\"http:\/\/gs-isernhinnerk.de\/wp-content\/uploads\/2018\/08\/Haiou-Zhang-2017-800.jpg\" alt=\"\" width=\"800\" height=\"533\" srcset=\"https:\/\/gs-isernhinnerk.de\/wp-content\/uploads\/2018\/08\/Haiou-Zhang-2017-800.jpg 800w, https:\/\/gs-isernhinnerk.de\/wp-content\/uploads\/2018\/08\/Haiou-Zhang-2017-800-300x200.jpg 300w, https:\/\/gs-isernhinnerk.de\/wp-content\/uploads\/2018\/08\/Haiou-Zhang-2017-800-768x512.jpg 768w, https:\/\/gs-isernhinnerk.de\/wp-content\/uploads\/2018\/08\/Haiou-Zhang-2017-800-225x150.jpg 225w, https:\/\/gs-isernhinnerk.de\/wp-content\/uploads\/2018\/08\/Haiou-Zhang-2017-800-150x100.jpg 150w\" sizes=\"auto, (max-width: 800px) 100vw, 800px\" \/><\/p>\n<hr \/>\n<p><strong>05.08.2017 Einschulung<\/strong><\/p>\n<p>Unsere diesj\u00e4hrige Einschulung am Soamstag, 5.8.\u00a0hat uns nicht nur Rekordzahlen der Anzahl der Kinder gebracht, sondern auch Spitzeneinnahmen im Caf\u00b4teria-Verkauf. Sehr flei\u00dfige, gut gelaunte und bestens organisierte Eltern der frischen 2.Klassen haben den 5. August 2017 liebevoll und zeitaufw\u00e4ndig gestaltet. Ebenso ein dickes Dankesch\u00f6n an unsere Sponsoren REWE, B\u00e4cker Schrader und Classic Getr\u00e4nke! Wir bedanken uns bei allen &#8211; besonders nat\u00fcrlich im Namen der Eltern der 1. Klassen mit ihren G\u00e4sten. Ebenso ein Dankesch\u00f6n an die 3a mit Frau Poppendieker und 3c mit Frau Lindemann f\u00fcr die Einschulungspr\u00e4sentation.<\/p>\n<p><img loading=\"lazy\" decoding=\"async\" class=\"alignnone size-full wp-image-341\" src=\"http:\/\/gs-isernhinnerk.de\/wp-content\/uploads\/2018\/08\/einschulung-17b-800.jpg\" alt=\"\" width=\"800\" height=\"450\" srcset=\"https:\/\/gs-isernhinnerk.de\/wp-content\/uploads\/2018\/08\/einschulung-17b-800.jpg 800w, https:\/\/gs-isernhinnerk.de\/wp-content\/uploads\/2018\/08\/einschulung-17b-800-300x169.jpg 300w, https:\/\/gs-isernhinnerk.de\/wp-content\/uploads\/2018\/08\/einschulung-17b-800-768x432.jpg 768w, https:\/\/gs-isernhinnerk.de\/wp-content\/uploads\/2018\/08\/einschulung-17b-800-250x141.jpg 250w, https:\/\/gs-isernhinnerk.de\/wp-content\/uploads\/2018\/08\/einschulung-17b-800-150x84.jpg 150w\" sizes=\"auto, (max-width: 800px) 100vw, 800px\" \/><\/p>\n<p><img loading=\"lazy\" decoding=\"async\" class=\"alignnone size-full wp-image-342\" src=\"http:\/\/gs-isernhinnerk.de\/wp-content\/uploads\/2018\/08\/einschulung-17a-800.jpg\" alt=\"\" width=\"800\" height=\"450\" srcset=\"https:\/\/gs-isernhinnerk.de\/wp-content\/uploads\/2018\/08\/einschulung-17a-800.jpg 800w, https:\/\/gs-isernhinnerk.de\/wp-content\/uploads\/2018\/08\/einschulung-17a-800-300x169.jpg 300w, https:\/\/gs-isernhinnerk.de\/wp-content\/uploads\/2018\/08\/einschulung-17a-800-768x432.jpg 768w, https:\/\/gs-isernhinnerk.de\/wp-content\/uploads\/2018\/08\/einschulung-17a-800-250x141.jpg 250w, https:\/\/gs-isernhinnerk.de\/wp-content\/uploads\/2018\/08\/einschulung-17a-800-150x84.jpg 150w\" sizes=\"auto, (max-width: 800px) 100vw, 800px\" \/><\/p>\n","protected":false},"excerpt":{"rendered":"<p>Stand: Februar 2020 12. Februar 2020 &#8211; V\u00f6lkerballturnier der 3. und 4. Klassen\u00a0 Es war wieder so weit: unsere 3. und 4. Klassen durften ihre Sportlichkeit bei einem V\u00f6lkerballturnier unter Beweis stellen. Herr Marx hat dieses perfekt organisiert &#8211; alle Lehrkr\u00e4fte waren ebenso perfekt vorbereitet. Absolute Fairness, Freude am Spielen\u2026<\/p>\n<p class=\"continue-reading-button\"> <a class=\"continue-reading-link\" href=\"https:\/\/gs-isernhinnerk.de\/?page_id=36\">Continue reading<i class=\"crycon-right-dir\"><\/i><\/a><\/p>\n","protected":false},"author":1,"featured_media":0,"parent":0,"menu_order":0,"comment_status":"closed","ping_status":"closed","template":"","meta":{"footnotes":""},"class_list":["post-36","page","type-page","status-publish","hentry"],"yoast_head":"<!-- This site is optimized with the Yoast SEO plugin v27.4 - https:\/\/yoast.com\/product\/yoast-seo-wordpress\/ -->\n<title>Bildergalerie - GRUNDSCHULE ISERN HINNERK<\/title>\n<meta name=\"robots\" content=\"index, follow, max-snippet:-1, max-image-preview:large, max-video-preview:-1\" \/>\n<link rel=\"canonical\" href=\"https:\/\/gs-isernhinnerk.de\/?page_id=36\" \/>\n<meta property=\"og:locale\" content=\"de_DE\" \/>\n<meta property=\"og:type\" content=\"article\" \/>\n<meta property=\"og:title\" content=\"Bildergalerie - GRUNDSCHULE ISERN HINNERK\" \/>\n<meta property=\"og:description\" content=\"Stand: Februar 2020 12. Februar 2020 &#8211; V\u00f6lkerballturnier der 3. und 4. Klassen\u00a0 Es war wieder so weit: unsere 3. und 4. Klassen durften ihre Sportlichkeit bei einem V\u00f6lkerballturnier unter Beweis stellen. Herr Marx hat dieses perfekt organisiert &#8211; alle Lehrkr\u00e4fte waren ebenso perfekt vorbereitet. Absolute Fairness, Freude am Spielen\u2026 Continue reading\" \/>\n<meta property=\"og:url\" content=\"https:\/\/gs-isernhinnerk.de\/?page_id=36\" \/>\n<meta property=\"og:site_name\" content=\"GRUNDSCHULE ISERN HINNERK\" \/>\n<meta property=\"article:modified_time\" content=\"2020-02-14T08:07:23+00:00\" \/>\n<meta property=\"og:image\" content=\"https:\/\/gs-isernhinnerk.de\/wp-content\/uploads\/2020\/02\/P1000072-1024x683.jpg\" \/>\n<meta name=\"twitter:card\" content=\"summary_large_image\" \/>\n<meta name=\"twitter:label1\" content=\"Gesch\u00e4tzte Lesezeit\" \/>\n\t<meta name=\"twitter:data1\" content=\"3\u00a0Minuten\" \/>\n<script type=\"application\/ld+json\" class=\"yoast-schema-graph\">{\"@context\":\"https:\\\/\\\/schema.org\",\"@graph\":[{\"@type\":\"WebPage\",\"@id\":\"https:\\\/\\\/gs-isernhinnerk.de\\\/?page_id=36\",\"url\":\"https:\\\/\\\/gs-isernhinnerk.de\\\/?page_id=36\",\"name\":\"Bildergalerie - GRUNDSCHULE ISERN HINNERK\",\"isPartOf\":{\"@id\":\"https:\\\/\\\/gs-isernhinnerk.de\\\/#website\"},\"primaryImageOfPage\":{\"@id\":\"https:\\\/\\\/gs-isernhinnerk.de\\\/?page_id=36#primaryimage\"},\"image\":{\"@id\":\"https:\\\/\\\/gs-isernhinnerk.de\\\/?page_id=36#primaryimage\"},\"thumbnailUrl\":\"https:\\\/\\\/gs-isernhinnerk.de\\\/wp-content\\\/uploads\\\/2020\\\/02\\\/P1000072-1024x683.jpg\",\"datePublished\":\"2018-05-16T10:03:44+00:00\",\"dateModified\":\"2020-02-14T08:07:23+00:00\",\"breadcrumb\":{\"@id\":\"https:\\\/\\\/gs-isernhinnerk.de\\\/?page_id=36#breadcrumb\"},\"inLanguage\":\"de\",\"potentialAction\":[{\"@type\":\"ReadAction\",\"target\":[\"https:\\\/\\\/gs-isernhinnerk.de\\\/?page_id=36\"]}]},{\"@type\":\"ImageObject\",\"inLanguage\":\"de\",\"@id\":\"https:\\\/\\\/gs-isernhinnerk.de\\\/?page_id=36#primaryimage\",\"url\":\"https:\\\/\\\/gs-isernhinnerk.de\\\/wp-content\\\/uploads\\\/2020\\\/02\\\/P1000072-scaled.jpg\",\"contentUrl\":\"https:\\\/\\\/gs-isernhinnerk.de\\\/wp-content\\\/uploads\\\/2020\\\/02\\\/P1000072-scaled.jpg\",\"width\":2560,\"height\":1708},{\"@type\":\"BreadcrumbList\",\"@id\":\"https:\\\/\\\/gs-isernhinnerk.de\\\/?page_id=36#breadcrumb\",\"itemListElement\":[{\"@type\":\"ListItem\",\"position\":1,\"name\":\"Startseite\",\"item\":\"https:\\\/\\\/gs-isernhinnerk.de\\\/\"},{\"@type\":\"ListItem\",\"position\":2,\"name\":\"Bildergalerie\"}]},{\"@type\":\"WebSite\",\"@id\":\"https:\\\/\\\/gs-isernhinnerk.de\\\/#website\",\"url\":\"https:\\\/\\\/gs-isernhinnerk.de\\\/\",\"name\":\"GRUNDSCHULE ISERN HINNERK\",\"description\":\"Schulstra\u00dfe 11, 21641 Apensen\",\"potentialAction\":[{\"@type\":\"SearchAction\",\"target\":{\"@type\":\"EntryPoint\",\"urlTemplate\":\"https:\\\/\\\/gs-isernhinnerk.de\\\/?s={search_term_string}\"},\"query-input\":{\"@type\":\"PropertyValueSpecification\",\"valueRequired\":true,\"valueName\":\"search_term_string\"}}],\"inLanguage\":\"de\"}]}<\/script>\n<!-- \/ Yoast SEO plugin. -->","yoast_head_json":{"title":"Bildergalerie - GRUNDSCHULE ISERN HINNERK","robots":{"index":"index","follow":"follow","max-snippet":"max-snippet:-1","max-image-preview":"max-image-preview:large","max-video-preview":"max-video-preview:-1"},"canonical":"https:\/\/gs-isernhinnerk.de\/?page_id=36","og_locale":"de_DE","og_type":"article","og_title":"Bildergalerie - GRUNDSCHULE ISERN HINNERK","og_description":"Stand: Februar 2020 12. Februar 2020 &#8211; V\u00f6lkerballturnier der 3. und 4. Klassen\u00a0 Es war wieder so weit: unsere 3. und 4. Klassen durften ihre Sportlichkeit bei einem V\u00f6lkerballturnier unter Beweis stellen. Herr Marx hat dieses perfekt organisiert &#8211; alle Lehrkr\u00e4fte waren ebenso perfekt vorbereitet. Absolute Fairness, Freude am Spielen\u2026 Continue reading","og_url":"https:\/\/gs-isernhinnerk.de\/?page_id=36","og_site_name":"GRUNDSCHULE ISERN HINNERK","article_modified_time":"2020-02-14T08:07:23+00:00","og_image":[{"url":"https:\/\/gs-isernhinnerk.de\/wp-content\/uploads\/2020\/02\/P1000072-1024x683.jpg","type":"","width":"","height":""}],"twitter_card":"summary_large_image","twitter_misc":{"Gesch\u00e4tzte Lesezeit":"3\u00a0Minuten"},"schema":{"@context":"https:\/\/schema.org","@graph":[{"@type":"WebPage","@id":"https:\/\/gs-isernhinnerk.de\/?page_id=36","url":"https:\/\/gs-isernhinnerk.de\/?page_id=36","name":"Bildergalerie - GRUNDSCHULE ISERN HINNERK","isPartOf":{"@id":"https:\/\/gs-isernhinnerk.de\/#website"},"primaryImageOfPage":{"@id":"https:\/\/gs-isernhinnerk.de\/?page_id=36#primaryimage"},"image":{"@id":"https:\/\/gs-isernhinnerk.de\/?page_id=36#primaryimage"},"thumbnailUrl":"https:\/\/gs-isernhinnerk.de\/wp-content\/uploads\/2020\/02\/P1000072-1024x683.jpg","datePublished":"2018-05-16T10:03:44+00:00","dateModified":"2020-02-14T08:07:23+00:00","breadcrumb":{"@id":"https:\/\/gs-isernhinnerk.de\/?page_id=36#breadcrumb"},"inLanguage":"de","potentialAction":[{"@type":"ReadAction","target":["https:\/\/gs-isernhinnerk.de\/?page_id=36"]}]},{"@type":"ImageObject","inLanguage":"de","@id":"https:\/\/gs-isernhinnerk.de\/?page_id=36#primaryimage","url":"https:\/\/gs-isernhinnerk.de\/wp-content\/uploads\/2020\/02\/P1000072-scaled.jpg","contentUrl":"https:\/\/gs-isernhinnerk.de\/wp-content\/uploads\/2020\/02\/P1000072-scaled.jpg","width":2560,"height":1708},{"@type":"BreadcrumbList","@id":"https:\/\/gs-isernhinnerk.de\/?page_id=36#breadcrumb","itemListElement":[{"@type":"ListItem","position":1,"name":"Startseite","item":"https:\/\/gs-isernhinnerk.de\/"},{"@type":"ListItem","position":2,"name":"Bildergalerie"}]},{"@type":"WebSite","@id":"https:\/\/gs-isernhinnerk.de\/#website","url":"https:\/\/gs-isernhinnerk.de\/","name":"GRUNDSCHULE ISERN HINNERK","description":"Schulstra\u00dfe 11, 21641 Apensen","potentialAction":[{"@type":"SearchAction","target":{"@type":"EntryPoint","urlTemplate":"https:\/\/gs-isernhinnerk.de\/?s={search_term_string}"},"query-input":{"@type":"PropertyValueSpecification","valueRequired":true,"valueName":"search_term_string"}}],"inLanguage":"de"}]}},"_links":{"self":[{"href":"https:\/\/gs-isernhinnerk.de\/index.php?rest_route=\/wp\/v2\/pages\/36","targetHints":{"allow":["GET"]}}],"collection":[{"href":"https:\/\/gs-isernhinnerk.de\/index.php?rest_route=\/wp\/v2\/pages"}],"about":[{"href":"https:\/\/gs-isernhinnerk.de\/index.php?rest_route=\/wp\/v2\/types\/page"}],"author":[{"embeddable":true,"href":"https:\/\/gs-isernhinnerk.de\/index.php?rest_route=\/wp\/v2\/users\/1"}],"replies":[{"embeddable":true,"href":"https:\/\/gs-isernhinnerk.de\/index.php?rest_route=%2Fwp%2Fv2%2Fcomments&post=36"}],"version-history":[{"count":26,"href":"https:\/\/gs-isernhinnerk.de\/index.php?rest_route=\/wp\/v2\/pages\/36\/revisions"}],"predecessor-version":[{"id":756,"href":"https:\/\/gs-isernhinnerk.de\/index.php?rest_route=\/wp\/v2\/pages\/36\/revisions\/756"}],"wp:attachment":[{"href":"https:\/\/gs-isernhinnerk.de\/index.php?rest_route=%2Fwp%2Fv2%2Fmedia&parent=36"}],"curies":[{"name":"wp","href":"https:\/\/api.w.org\/{rel}","templated":true}]}}