{"id":34,"date":"2018-05-16T12:03:31","date_gmt":"2018-05-16T10:03:31","guid":{"rendered":"http:\/\/gs-isernhinnerk.de\/?page_id=34"},"modified":"2026-01-29T11:09:18","modified_gmt":"2026-01-29T10:09:18","slug":"termine","status":"publish","type":"page","link":"https:\/\/gs-isernhinnerk.de\/?page_id=34","title":{"rendered":"Termine"},"content":{"rendered":"<table style=\"height: 538px; width: 100%;\" border=\"0\" width=\"100%\" cellspacing=\"1\" cellpadding=\"1\">\n<tbody>\n<tr style=\"height: 54px;\">\n<td style=\"width: 31.4612%; height: 54px;\"><span style=\"color: #993366; font-family: georgia, palatino, serif; font-size: 18.6667px;\"><strong>Stand :<\/strong><br \/>\n29.1.2026<\/span><\/td>\n<td style=\"width: 13.9612%; height: 54px;\"><\/td>\n<td style=\"width: 54.0493%; height: 54px;\"><span style=\"color: #993366; font-family: georgia, palatino, serif; font-size: 18.6667px;\">Liebe Eltern, es gibt hier den neuen Terminplan<\/span><\/td>\n<\/tr>\n<tr style=\"height: 27px;\">\n<td style=\"width: 31.4612%; height: 27px;\"><span style=\"color: #993366; font-family: georgia, palatino, serif; font-size: 18.6667px;\"><strong>\u00a0<\/strong><\/span><\/td>\n<td style=\"width: 13.9612%; height: 27px;\"><\/td>\n<td style=\"width: 54.0493%; height: 27px;\"><span style=\"color: #993366; font-family: georgia, palatino, serif; font-size: 18.6667px;\">\u00a0<\/span><\/td>\n<\/tr>\n<tr style=\"height: 24px;\">\n<td style=\"width: 31.4612%; height: 24px;\">Freitag, 30.1.<\/td>\n<td style=\"width: 13.9612%; height: 24px;\"><\/td>\n<td style=\"width: 54.0493%; height: 24px;\">Zeugnisausgabe (nach der 3. Std Schluss\u00a0 f\u00fcr alle Kinder- k e i n e\u00a0 Betreuung). <strong>Es f\u00e4hrt nur der Bus nach der 3. Stunde<\/strong>! Bitte ggfs. im Hort Bescheid sagen.<\/td>\n<\/tr>\n<tr style=\"height: 48px;\">\n<td style=\"width: 31.4612%; height: 48px;\"><em><span style=\"color: #339966;\">Montag, 2.2. und\u00a0<\/span><\/em><br \/>\n<em><span style=\"color: #339966;\">Dienstag, 3.2.<\/span><\/em><\/td>\n<td style=\"width: 13.9612%; height: 48px;\"><\/td>\n<td style=\"width: 54.0493%; height: 48px;\"><em><em><span style=\"color: #339966;\">Halbjahresferien<\/span><\/em><\/em><\/p>\n<p class=\"wpaicg-ai-message\" style=\"margin-right: 7.5pt; background: white;\">\n<\/td>\n<\/tr>\n<tr style=\"height: 24px;\">\n<td style=\"width: 31.4612%; height: 24px;\"><span style=\"color: #000000;\">Donnerstag, 5.2.<\/span><\/td>\n<td style=\"width: 13.9612%; height: 24px;\"><\/td>\n<td style=\"width: 54.0493%; height: 24px;\"><span style=\"color: #000000;\">Holzwurmtheater f\u00fcr die Klassen 1 und 2 . Nachholtermin<\/span><\/td>\n<\/tr>\n<tr style=\"height: 25px;\">\n<td style=\"width: 31.4612%; height: 25px;\"><span style=\"color: #000000;\">Dienstag, 10.2.<\/span><\/td>\n<td style=\"width: 13.9612%; height: 25px;\"><\/td>\n<td style=\"width: 54.0493%; height: 25px;\"><span style=\"color: #000000;\">Elternsprechtag &#8211;\u00a0 Infos erfolgen von Kl.lehrkraft<\/span><\/td>\n<\/tr>\n<tr>\n<td style=\"width: 31.4612%;\"><span style=\"color: #000000;\">Donnerstag, 12.2.<\/span><\/td>\n<td style=\"width: 13.9612%;\"><\/td>\n<td style=\"width: 54.0493%;\"><span style=\"color: #000000;\">Elternabend zum Theaterst\u00fcck &#8222;Sascha&#8220; f\u00fcr 3.\/4. Klassen\u00a0<\/span><\/td>\n<\/tr>\n<tr>\n<td style=\"width: 31.4612%;\"><span style=\"color: #000000;\">Freitag, 13.2.<\/span><\/td>\n<td style=\"width: 13.9612%;\"><\/td>\n<td style=\"width: 54.0493%;\"><span style=\"color: #000000;\">Theaterst\u00fcck &#8222;Sascha&#8220; f\u00fcr alle 3.\/4. Klassen\u00a0<\/span><\/td>\n<\/tr>\n<tr>\n<td style=\"width: 31.4612%;\"><span style=\"color: #000000;\">Montag, 16.2.<\/span><\/td>\n<td style=\"width: 13.9612%;\"><\/td>\n<td style=\"width: 54.0493%;\"><span style=\"color: #000000;\">Fasching &#8211; Infos folgen<\/span><\/td>\n<\/tr>\n<tr style=\"height: 48px;\">\n<td style=\"width: 31.4612%; height: 48px;\"><span style=\"color: #000000;\">Mittwoch, 25.2. bis<br \/>\nFreitag, 27.2.<\/span><\/td>\n<td style=\"width: 13.9612%; height: 48px;\"><\/td>\n<td style=\"width: 54.0493%; height: 48px;\"><span style=\"color: #000000;\"><span style=\"color: #3366ff;\">&#8222;Projekttage zu Feuer Wasser Luft&#8220;<\/span>: Infos folgen rechtzeitig<\/span><\/td>\n<\/tr>\n<tr>\n<td style=\"width: 31.4612%;\"><span style=\"color: #000000;\">Montag, 9.3.<\/span><\/td>\n<td style=\"width: 13.9612%;\"><\/td>\n<td style=\"width: 54.0493%;\"><span style=\"color: #800080;\">19h Jahresversammlung des F\u00f6rdervereins in der Aula<\/span><\/td>\n<\/tr>\n<tr style=\"height: 48px;\">\n<td style=\"width: 31.4612%; height: 48px;\"><span style=\"color: #008000;\"><em>Samstag, 21.3. bis<\/em><\/span><br \/>\n<span style=\"color: #008000;\"><em>Dienstag, 7.4.<\/em><\/span><\/td>\n<td style=\"width: 13.9612%; height: 48px;\"><\/td>\n<td style=\"width: 54.0493%; height: 48px;\"><span style=\"color: #008000;\"><em>Osterferien<\/em><\/span><\/td>\n<\/tr>\n<tr style=\"height: 48px;\">\n<td style=\"width: 31.4612%; height: 48px;\"><span style=\"color: #008000;\"><em>\u00a0Mittwoch, 8.4.<\/em><\/span><\/td>\n<td style=\"width: 13.9612%; height: 48px;\"><\/td>\n<td style=\"width: 54.0493%; height: 48px;\"><span style=\"color: #000000;\"><span style=\"color: #000000;\">Schulinterne Lehrerfortbildung &#8211; <\/span><strong><span style=\"color: #ff0000;\"><span style=\"color: #ff0000;\">kein Unterricht an diesem Tag. <\/span><\/span><\/strong>Infos erfolgen am 2. M\u00e4rz <span style=\"color: #339966;\"><strong>(<\/strong><\/span><span style=\"font-family: inherit; color: #339966;\"><strong><span style=\"color: #339966;\">Info<\/span>: f\u00fcr die Hortkinder ist der Hort regul\u00e4r ge\u00f6ffnet)\u00a0<\/strong><\/span><strong><span style=\"color: #ff0000;\"><span style=\"color: #000000;\"><br \/>\n<\/span><\/span><\/strong><\/span><\/td>\n<\/tr>\n<tr style=\"height: 24px;\">\n<td style=\"width: 31.4612%; height: 24px;\"><span style=\"color: #008000;\"><em>Freitag, 1. Mai<\/em><\/span><\/td>\n<td style=\"width: 13.9612%; height: 24px;\"><\/td>\n<td style=\"width: 54.0493%; height: 24px;\"><span style=\"color: #008000;\"><em>Tag der Arbeit &#8211; keine Schule<\/em><\/span><\/td>\n<\/tr>\n<tr style=\"height: 48px;\">\n<td style=\"width: 31.4612%; height: 48px;\"><span style=\"color: #008000;\"><em>Donnerstag, 14. 5. und<br \/>\nFreitag, 15.5.<\/em><\/span><\/td>\n<td style=\"width: 13.9612%; height: 48px;\"><\/td>\n<td style=\"width: 54.0493%; height: 48px;\"><span style=\"color: #008000;\"><em>Himmelfahrt und Br\u00fcckentag &#8211; keine Schule<\/em><\/span><\/td>\n<\/tr>\n<tr style=\"height: 48px;\">\n<td style=\"width: 31.4612%; height: 48px;\"><span style=\"color: #008000;\"><em>Montag, 25.5. und<br \/>\nDienstag, 26.5.<\/em><\/span><\/td>\n<td style=\"width: 13.9612%; height: 48px;\"><\/td>\n<td style=\"width: 54.0493%; height: 48px;\"><span style=\"color: #008000;\"><em>\u00a0Pfingsten &#8211; keine Schule<\/em><\/span><\/td>\n<\/tr>\n<tr style=\"height: 72px;\">\n<td style=\"width: 31.4612%; height: 72px;\"><span style=\"color: #000000;\">Mittwoch, 1. Juli<\/span><\/td>\n<td style=\"width: 13.9612%; height: 72px;\"><\/td>\n<td style=\"width: 54.0493%; height: 72px;\"><span style=\"color: #000000;\">letzter Schultag &#8211; Zeugnisausgabe und nach der<br \/>\n3. Std. Schluss &#8211; <strong>k e i n e\u00a0 Betreuung! Bus f\u00e4hrt nur nach der 3. Stun<\/strong><strong>de<\/strong><\/span><\/td>\n<\/tr>\n<\/tbody>\n<\/table>\n<p>&nbsp;<\/p>\n","protected":false},"excerpt":{"rendered":"<p>Stand : 29.1.2026 Liebe Eltern, es gibt hier den neuen Terminplan \u00a0 \u00a0 Freitag, 30.1. Zeugnisausgabe (nach der 3. Std Schluss\u00a0 f\u00fcr alle Kinder- k e i n e\u00a0 Betreuung). Es f\u00e4hrt nur der Bus nach der 3. Stunde! Bitte ggfs. im Hort Bescheid sagen. Montag, 2.2. und\u00a0 Dienstag, 3.2.\u2026<\/p>\n<p class=\"continue-reading-button\"> <a class=\"continue-reading-link\" href=\"https:\/\/gs-isernhinnerk.de\/?page_id=34\">Continue reading<i class=\"crycon-right-dir\"><\/i><\/a><\/p>\n","protected":false},"author":1,"featured_media":0,"parent":0,"menu_order":0,"comment_status":"closed","ping_status":"closed","template":"","meta":{"footnotes":""},"class_list":["post-34","page","type-page","status-publish","hentry"],"yoast_head":"<!-- This site is optimized with the Yoast SEO plugin v27.4 - https:\/\/yoast.com\/product\/yoast-seo-wordpress\/ -->\n<title>Termine - GRUNDSCHULE ISERN HINNERK<\/title>\n<meta name=\"robots\" content=\"index, follow, max-snippet:-1, max-image-preview:large, max-video-preview:-1\" \/>\n<link rel=\"canonical\" href=\"https:\/\/gs-isernhinnerk.de\/?page_id=34\" \/>\n<meta property=\"og:locale\" content=\"de_DE\" \/>\n<meta property=\"og:type\" content=\"article\" \/>\n<meta property=\"og:title\" content=\"Termine - GRUNDSCHULE ISERN HINNERK\" \/>\n<meta property=\"og:description\" content=\"Stand : 29.1.2026 Liebe Eltern, es gibt hier den neuen Terminplan \u00a0 \u00a0 Freitag, 30.1. Zeugnisausgabe (nach der 3. Std Schluss\u00a0 f\u00fcr alle Kinder- k e i n e\u00a0 Betreuung). Es f\u00e4hrt nur der Bus nach der 3. Stunde! Bitte ggfs. im Hort Bescheid sagen. Montag, 2.2. und\u00a0 Dienstag, 3.2.\u2026 Continue reading\" \/>\n<meta property=\"og:url\" content=\"https:\/\/gs-isernhinnerk.de\/?page_id=34\" \/>\n<meta property=\"og:site_name\" content=\"GRUNDSCHULE ISERN HINNERK\" \/>\n<meta property=\"article:modified_time\" content=\"2026-01-29T10:09:18+00:00\" \/>\n<meta name=\"twitter:card\" content=\"summary_large_image\" \/>\n<meta name=\"twitter:label1\" content=\"Gesch\u00e4tzte Lesezeit\" \/>\n\t<meta name=\"twitter:data1\" content=\"2\u00a0Minuten\" \/>\n<script type=\"application\/ld+json\" class=\"yoast-schema-graph\">{\"@context\":\"https:\\\/\\\/schema.org\",\"@graph\":[{\"@type\":\"WebPage\",\"@id\":\"https:\\\/\\\/gs-isernhinnerk.de\\\/?page_id=34\",\"url\":\"https:\\\/\\\/gs-isernhinnerk.de\\\/?page_id=34\",\"name\":\"Termine - GRUNDSCHULE ISERN HINNERK\",\"isPartOf\":{\"@id\":\"https:\\\/\\\/gs-isernhinnerk.de\\\/#website\"},\"datePublished\":\"2018-05-16T10:03:31+00:00\",\"dateModified\":\"2026-01-29T10:09:18+00:00\",\"breadcrumb\":{\"@id\":\"https:\\\/\\\/gs-isernhinnerk.de\\\/?page_id=34#breadcrumb\"},\"inLanguage\":\"de\",\"potentialAction\":[{\"@type\":\"ReadAction\",\"target\":[\"https:\\\/\\\/gs-isernhinnerk.de\\\/?page_id=34\"]}]},{\"@type\":\"BreadcrumbList\",\"@id\":\"https:\\\/\\\/gs-isernhinnerk.de\\\/?page_id=34#breadcrumb\",\"itemListElement\":[{\"@type\":\"ListItem\",\"position\":1,\"name\":\"Startseite\",\"item\":\"https:\\\/\\\/gs-isernhinnerk.de\\\/\"},{\"@type\":\"ListItem\",\"position\":2,\"name\":\"Termine\"}]},{\"@type\":\"WebSite\",\"@id\":\"https:\\\/\\\/gs-isernhinnerk.de\\\/#website\",\"url\":\"https:\\\/\\\/gs-isernhinnerk.de\\\/\",\"name\":\"GRUNDSCHULE ISERN HINNERK\",\"description\":\"Schulstra\u00dfe 11, 21641 Apensen\",\"potentialAction\":[{\"@type\":\"SearchAction\",\"target\":{\"@type\":\"EntryPoint\",\"urlTemplate\":\"https:\\\/\\\/gs-isernhinnerk.de\\\/?s={search_term_string}\"},\"query-input\":{\"@type\":\"PropertyValueSpecification\",\"valueRequired\":true,\"valueName\":\"search_term_string\"}}],\"inLanguage\":\"de\"}]}<\/script>\n<!-- \/ Yoast SEO plugin. -->","yoast_head_json":{"title":"Termine - GRUNDSCHULE ISERN HINNERK","robots":{"index":"index","follow":"follow","max-snippet":"max-snippet:-1","max-image-preview":"max-image-preview:large","max-video-preview":"max-video-preview:-1"},"canonical":"https:\/\/gs-isernhinnerk.de\/?page_id=34","og_locale":"de_DE","og_type":"article","og_title":"Termine - GRUNDSCHULE ISERN HINNERK","og_description":"Stand : 29.1.2026 Liebe Eltern, es gibt hier den neuen Terminplan \u00a0 \u00a0 Freitag, 30.1. Zeugnisausgabe (nach der 3. Std Schluss\u00a0 f\u00fcr alle Kinder- k e i n e\u00a0 Betreuung). Es f\u00e4hrt nur der Bus nach der 3. Stunde! Bitte ggfs. im Hort Bescheid sagen. Montag, 2.2. und\u00a0 Dienstag, 3.2.\u2026 Continue reading","og_url":"https:\/\/gs-isernhinnerk.de\/?page_id=34","og_site_name":"GRUNDSCHULE ISERN HINNERK","article_modified_time":"2026-01-29T10:09:18+00:00","twitter_card":"summary_large_image","twitter_misc":{"Gesch\u00e4tzte Lesezeit":"2\u00a0Minuten"},"schema":{"@context":"https:\/\/schema.org","@graph":[{"@type":"WebPage","@id":"https:\/\/gs-isernhinnerk.de\/?page_id=34","url":"https:\/\/gs-isernhinnerk.de\/?page_id=34","name":"Termine - GRUNDSCHULE ISERN HINNERK","isPartOf":{"@id":"https:\/\/gs-isernhinnerk.de\/#website"},"datePublished":"2018-05-16T10:03:31+00:00","dateModified":"2026-01-29T10:09:18+00:00","breadcrumb":{"@id":"https:\/\/gs-isernhinnerk.de\/?page_id=34#breadcrumb"},"inLanguage":"de","potentialAction":[{"@type":"ReadAction","target":["https:\/\/gs-isernhinnerk.de\/?page_id=34"]}]},{"@type":"BreadcrumbList","@id":"https:\/\/gs-isernhinnerk.de\/?page_id=34#breadcrumb","itemListElement":[{"@type":"ListItem","position":1,"name":"Startseite","item":"https:\/\/gs-isernhinnerk.de\/"},{"@type":"ListItem","position":2,"name":"Termine"}]},{"@type":"WebSite","@id":"https:\/\/gs-isernhinnerk.de\/#website","url":"https:\/\/gs-isernhinnerk.de\/","name":"GRUNDSCHULE ISERN HINNERK","description":"Schulstra\u00dfe 11, 21641 Apensen","potentialAction":[{"@type":"SearchAction","target":{"@type":"EntryPoint","urlTemplate":"https:\/\/gs-isernhinnerk.de\/?s={search_term_string}"},"query-input":{"@type":"PropertyValueSpecification","valueRequired":true,"valueName":"search_term_string"}}],"inLanguage":"de"}]}},"_links":{"self":[{"href":"https:\/\/gs-isernhinnerk.de\/index.php?rest_route=\/wp\/v2\/pages\/34","targetHints":{"allow":["GET"]}}],"collection":[{"href":"https:\/\/gs-isernhinnerk.de\/index.php?rest_route=\/wp\/v2\/pages"}],"about":[{"href":"https:\/\/gs-isernhinnerk.de\/index.php?rest_route=\/wp\/v2\/types\/page"}],"author":[{"embeddable":true,"href":"https:\/\/gs-isernhinnerk.de\/index.php?rest_route=\/wp\/v2\/users\/1"}],"replies":[{"embeddable":true,"href":"https:\/\/gs-isernhinnerk.de\/index.php?rest_route=%2Fwp%2Fv2%2Fcomments&post=34"}],"version-history":[{"count":428,"href":"https:\/\/gs-isernhinnerk.de\/index.php?rest_route=\/wp\/v2\/pages\/34\/revisions"}],"predecessor-version":[{"id":1633,"href":"https:\/\/gs-isernhinnerk.de\/index.php?rest_route=\/wp\/v2\/pages\/34\/revisions\/1633"}],"wp:attachment":[{"href":"https:\/\/gs-isernhinnerk.de\/index.php?rest_route=%2Fwp%2Fv2%2Fmedia&parent=34"}],"curies":[{"name":"wp","href":"https:\/\/api.w.org\/{rel}","templated":true}]}}